{"id":4437,"date":"2022-09-23T13:45:24","date_gmt":"2022-09-23T13:45:24","guid":{"rendered":"http:\/\/www.comuneacquapendente.it\/wpaquesionet\/?page_id=4437"},"modified":"2022-09-23T16:22:52","modified_gmt":"2022-09-23T16:22:52","slug":"feedback","status":"publish","type":"page","link":"http:\/\/www.comuneacquapendente.it\/wpaquesionet\/index.php\/feedback\/","title":{"rendered":"feedback | note legali"},"content":{"rendered":"[vc_row][vc_column][vc_column_text]<p><\/p>\n<p>Nella presente pagina denominata &#8220;feedback | note legali&#8221; sono riportate le Note legali relative all\u2019utilizzo del Sito www.comuneacquapendente.it<\/p>\n<p><\/p>\n<p><\/p>\n<p>Il presente documento potr\u00e0 essere modificato in qualsiasi momento e senza preavviso. L\u2019Utente \u00e8 pertanto invitato a prendere regolarmente visione dell\u2019ultima versione aggiornata delle stesse, disponibile e permanentemente accessibile da qualunque pagina del sito, cliccando sul collegamento [Note Legali].<\/p>\n<p><\/p>\n<p><\/p>\n<p><strong>Copyright<\/strong><\/p>\n<p><\/p>\n<p><\/p>\n<p>La visualizzazione, il download e qualunque utilizzo dei dati pubblicati sul presente tipo comporta accettazione delle presenti note legali e delle condizioni della licenza con cui sono pubblicati.<\/p>\n<p><\/p>\n<p><\/p>\n<p>Salvo ove diversamente indicato, i dati pubblicati sul presente sito sono messi a disposizione con licenza CC-BY 3.0 dettagli su: <a href=\"http:\/\/creativecommons.org\/licenses\/by\/3.0\/it\/legalcode\">http:\/\/creativecommons.org\/licenses\/by\/3.0\/it\/legalcode<\/a>.<\/p>\n<p><\/p>\n<p><\/p>\n<p>Questo significa che, ove non diversamente specificato, i contenuti di questo sito sono liberamente distribuibili e riutilizzabili, a patto che sia sempre citata la fonte e \u2013 ove possibile &#8211; riportato l&#8217;indirizzo web della pagina originale.<\/p>\n<p>Qualora elementi (immagini, musica ed altro) presenti nei siti e servizi web del Comune di Acquapendente fossero coperti da diritti tutelati dalle norme vigenti in materia, verranno attribuiti ai titolari di copyright o rimossi dietro segnalazione a <a href=\"mailto:comuneacquapendente@legalmail.it\">comuneacquapendente@legalmail.it<\/a>.<\/p>\n<p><\/p>\n<p><\/p>\n<p><strong>Utilizzo del sito e download<\/strong><\/p>\n<p><\/p>\n<p><\/p>\n<p>Tutti i documenti pubblicati sul presente sito sono conformi e corrispondenti agli atti originali.<\/p>\n<p><\/p>\n<p><\/p>\n<p>In nessun caso il Comune di Acquapendente pu\u00f2 essere ritenuto responsabile dei danni di qualsiasi natura causati direttamente o indirettamente dall&#8217;accesso al sito, dall&#8217;incapacit\u00e0 o impossibilit\u00e0 di accedervi.<\/p>\n<p><\/p>\n<p><\/p>\n<p>Il Comune di Acquapendente, inoltre, non potr\u00e0 essere ritenuta in alcun modo responsabile per i servizi di connettivit\u00e0 utilizzati dagli Utenti per l\u2019accesso al Portale.<\/p>\n<p><\/p>\n<p><\/p>\n<p>I documenti presenti in questo sito per lo scaricamento (download) quali ad esempio documentazione tecnica, documentazione normativa, software ecc., salvo diversa indicazione, sono liberamente e gratuitamente disponibili, in caso contrario viene prodotto un avviso come premessa nell&#8217;uso degli stessi.<\/p>\n<p>I contenuti (testi, immagini, documenti, allegati, moduli, link ecc.) possono talvolta non essere esaurienti, completi o aggiornati, nonostante vi sia una redazione continuamente attiva, che comunque prender\u00e0 in carico le segnalazioni di eventuali errori, inesattezze, contenuti non aggiornati o poco chiari pervenute a <a href=\"mailto:comuneacquapendente@legalmail.it\">comuneacquapendente@legalmail.it<\/a>.<\/p>\n<p><\/p>\n<p><\/p>\n<p><strong>Accesso a siti esterni collegati<\/strong><\/p>\n<p><\/p>\n<p><\/p>\n<p>I collegamenti a siti esterni, indicati nel presente sito, sono forniti come semplice servizio agli utenti, con esclusione di ogni responsabilit\u00e0 sulla correttezza e sulla completezza dell\u2019insieme dei collegamenti indicati.<\/p>\n<p><\/p>\n<p><\/p>\n<p>L\u2019indicazione dei collegamenti non implica da parte del Comune di Acquapendente alcun tipo di approvazione o condivisione di responsabilit\u00e0 in relazione alla legittimit\u00e0, alla completezza e alla correttezza delle informazioni contenute nei siti indicati.<\/p>\n<p><\/p>\n<p><\/p>\n<p><strong>Privacy<\/strong><\/p>\n<p><\/p>\n<p><\/p>\n<p>La privacy degli utenti \u00e8 molto importante. Per questo motivo \u00e8 stata predisposta un\u2019apposita Informativa sulla Privacy che l\u2019Utente, utilizzando il presente sito, accetta.<\/p>\n<p><\/p>\n<p><\/p>\n<p><strong>Social Media<\/strong><\/p>\n<p><\/p>\n<p><\/p>\n<p>Il Comune di Acquapendente utilizza i social media per finalit\u00e0 istituzionali: informa, comunica, ascolta e pubblica contenuti di carattere istituzionale.<\/p>\n<p><\/p>\n<p><\/p>\n<p>I contenuti pubblicati comprendono fotografie, video istituzionali, comunicati stampa, informazioni di servizio, notizie relative alle attivit\u00e0 del Comune di Acquapendente e dei servizi ad esso collegati nonch\u00e9 opportunit\u00e0 di coinvolgimento e partecipazione dei cittadini. Attraverso i propri canali social, il Comune di Acquapendente pu\u00f2 condividere e rilanciare contenuti e messaggi di pubblico interesse e utilit\u00e0 pubblicati da altri utenti.<\/p>\n<p><\/p>\n<p><\/p>\n<p>I canali social vengono costantemente e sistematicamente monitorati.<\/p>\n<p><\/p>\n<p><\/p>\n<p>Il Comune di Acquapendente si impegna a gestire spazi di comunicazione e dialogo all\u2019interno dei propri profili nelle diverse piattaforme social chiedendo ai propri utenti il rispetto di alcune semplici regole di correttezza, misura e rispetto.<\/p>\n<p><\/p>\n<p><\/p>\n<p>Nei social media ognuno \u00e8 responsabile dei contenuti che pubblica e delle opinioni che esprime. Non saranno comunque tollerati insulti, volgarit\u00e0, offese, minacce e, in generale, atteggiamenti violenti o diffamatori. L\u2019interesse degli argomenti rispetto alle attivit\u00e0 del Comune di Acquapendente \u00e8 un requisito essenziale: non \u00e8 possibile in alcun modo utilizzare questi spazi per scopi diversi da quelli istituzionali. Non sar\u00e0 tollerata alcuna forma di pubblicit\u00e0, spam o promozione di interessi privati o di attivit\u00e0 illegali e non sono ammessi contenuti che violino il diritto d\u2019autore n\u00e9 l\u2019utilizzo non autorizzato di marchi registrati.<\/p>\n<p><\/p>\n<p><\/p>\n<p>In ogni caso &#8211; ove il social media lo permetta &#8211; saranno rimossi dallo staff tutti i post, i commenti o i materiali audio\/video che presentano un linguaggio non appropriato, minaccioso, violento, volgare o irrispettoso, che presentano contenuti illeciti, offensivi, osceni, ingannevoli, allarmisti, discriminatori, che promuovono o sostengono attivit\u00e0 illegali, che violano il copyright.<\/p>\n<p><\/p>\n<p><\/p>\n<p>Di seguito si indicano i profili social ufficiali del Comune di Acquapendente:<\/p>\n<p><\/p>\n<p><\/p>\n<p>Facebook, Telegram, Instagram, Twitter, Youtube, LinkedIN<\/p>\n<p><\/p>\n<p><\/p>\n<p>Eventuali altri account riferiti al Comune di Acquapendente non sono da questo gestiti.<\/p>\n<p><\/p>[\/vc_column_text][\/vc_column][\/vc_row]","protected":false},"excerpt":{"rendered":"<p>[vc_row][vc_column][vc_column_text] Nella presente pagina denominata &#8220;feedback | note legali&#8221; sono riportate le Note legali relative all\u2019utilizzo del Sito www.comuneacquapendente.it Il presente documento potr\u00e0 essere modificato in qualsiasi momento e senza preavviso. L\u2019Utente \u00e8 pertanto invitato a prendere regolarmente visione dell\u2019ultima versione aggiornata delle stesse, disponibile e permanentemente accessibile da qualunque pagina del sito, cliccando sul [&hellip;]<\/p>\n","protected":false},"author":1,"featured_media":0,"parent":0,"menu_order":0,"comment_status":"closed","ping_status":"closed","template":"","meta":[],"categories":[],"tags":[],"yoast_head":"<!-- This site is optimized with the Yoast SEO plugin v17.2.1 - https:\/\/yoast.com\/wordpress\/plugins\/seo\/ -->\n<title>feedback | note legali - aquesionet<\/title>\n<meta name=\"robots\" content=\"index, follow, max-snippet:-1, max-image-preview:large, max-video-preview:-1\" \/>\n<link rel=\"canonical\" href=\"http:\/\/www.comuneacquapendente.it\/wpaquesionet\/index.php\/feedback\/\" \/>\n<meta property=\"og:locale\" content=\"it_IT\" \/>\n<meta property=\"og:type\" content=\"article\" \/>\n<meta property=\"og:title\" content=\"feedback | note legali - aquesionet\" \/>\n<meta property=\"og:description\" content=\"[vc_row][vc_column][vc_column_text] Nella presente pagina denominata &#8220;feedback | note legali&#8221; sono riportate le Note legali relative all\u2019utilizzo del Sito www.comuneacquapendente.it Il presente documento potr\u00e0 essere modificato in qualsiasi momento e senza preavviso. L\u2019Utente \u00e8 pertanto invitato a prendere regolarmente visione dell\u2019ultima versione aggiornata delle stesse, disponibile e permanentemente accessibile da qualunque pagina del sito, cliccando sul [&hellip;]\" \/>\n<meta property=\"og:url\" content=\"http:\/\/www.comuneacquapendente.it\/wpaquesionet\/index.php\/feedback\/\" \/>\n<meta property=\"og:site_name\" content=\"aquesionet\" \/>\n<meta property=\"article:publisher\" content=\"https:\/\/www.facebook.com\/ComunediAcquapendente\/\" \/>\n<meta property=\"article:modified_time\" content=\"2022-09-23T16:22:52+00:00\" \/>\n<meta name=\"twitter:card\" content=\"summary_large_image\" \/>\n<meta name=\"twitter:site\" content=\"@AcquapendenteVT\" \/>\n<meta name=\"twitter:label1\" content=\"Tempo di lettura stimato\" \/>\n\t<meta name=\"twitter:data1\" content=\"3 minuti\" \/>\n<script type=\"application\/ld+json\" class=\"yoast-schema-graph\">{\"@context\":\"https:\/\/schema.org\",\"@graph\":[{\"@type\":\"Organization\",\"@id\":\"http:\/\/www.comuneacquapendente.it\/wpaquesionet\/#organization\",\"name\":\"Comune di Acquapendente\",\"url\":\"http:\/\/www.comuneacquapendente.it\/wpaquesionet\/\",\"sameAs\":[\"https:\/\/www.facebook.com\/ComunediAcquapendente\/\",\"https:\/\/www.youtube.com\/user\/AcquapendenteComune\/\",\"https:\/\/twitter.com\/AcquapendenteVT\"],\"logo\":{\"@type\":\"ImageObject\",\"@id\":\"http:\/\/www.comuneacquapendente.it\/wpaquesionet\/#logo\",\"inLanguage\":\"it-IT\",\"url\":\"http:\/\/www.comuneacquapendente.it\/wpaquesionet\/files\/stemma_comune_Acquapendente512x512.png\",\"contentUrl\":\"http:\/\/www.comuneacquapendente.it\/wpaquesionet\/files\/stemma_comune_Acquapendente512x512.png\",\"width\":512,\"height\":512,\"caption\":\"Comune di Acquapendente\"},\"image\":{\"@id\":\"http:\/\/www.comuneacquapendente.it\/wpaquesionet\/#logo\"}},{\"@type\":\"WebSite\",\"@id\":\"http:\/\/www.comuneacquapendente.it\/wpaquesionet\/#website\",\"url\":\"http:\/\/www.comuneacquapendente.it\/wpaquesionet\/\",\"name\":\"aquesionet\",\"description\":\"LA RETE CIVICA DEL COMUNE DI ACQUAPENDENTE\",\"publisher\":{\"@id\":\"http:\/\/www.comuneacquapendente.it\/wpaquesionet\/#organization\"},\"potentialAction\":[{\"@type\":\"SearchAction\",\"target\":{\"@type\":\"EntryPoint\",\"urlTemplate\":\"http:\/\/www.comuneacquapendente.it\/wpaquesionet\/?s={search_term_string}\"},\"query-input\":\"required name=search_term_string\"}],\"inLanguage\":\"it-IT\"},{\"@type\":\"WebPage\",\"@id\":\"http:\/\/www.comuneacquapendente.it\/wpaquesionet\/index.php\/feedback\/#webpage\",\"url\":\"http:\/\/www.comuneacquapendente.it\/wpaquesionet\/index.php\/feedback\/\",\"name\":\"feedback | note legali - aquesionet\",\"isPartOf\":{\"@id\":\"http:\/\/www.comuneacquapendente.it\/wpaquesionet\/#website\"},\"datePublished\":\"2022-09-23T13:45:24+00:00\",\"dateModified\":\"2022-09-23T16:22:52+00:00\",\"breadcrumb\":{\"@id\":\"http:\/\/www.comuneacquapendente.it\/wpaquesionet\/index.php\/feedback\/#breadcrumb\"},\"inLanguage\":\"it-IT\",\"potentialAction\":[{\"@type\":\"ReadAction\",\"target\":[\"http:\/\/www.comuneacquapendente.it\/wpaquesionet\/index.php\/feedback\/\"]}]},{\"@type\":\"BreadcrumbList\",\"@id\":\"http:\/\/www.comuneacquapendente.it\/wpaquesionet\/index.php\/feedback\/#breadcrumb\",\"itemListElement\":[{\"@type\":\"ListItem\",\"position\":1,\"name\":\"Home\",\"item\":\"http:\/\/www.comuneacquapendente.it\/wpaquesionet\/\"},{\"@type\":\"ListItem\",\"position\":2,\"name\":\"feedback | note legali\"}]}]}<\/script>\n<!-- \/ Yoast SEO plugin. -->","yoast_head_json":{"title":"feedback | note legali - aquesionet","robots":{"index":"index","follow":"follow","max-snippet":"max-snippet:-1","max-image-preview":"max-image-preview:large","max-video-preview":"max-video-preview:-1"},"canonical":"http:\/\/www.comuneacquapendente.it\/wpaquesionet\/index.php\/feedback\/","og_locale":"it_IT","og_type":"article","og_title":"feedback | note legali - aquesionet","og_description":"[vc_row][vc_column][vc_column_text] Nella presente pagina denominata &#8220;feedback | note legali&#8221; sono riportate le Note legali relative all\u2019utilizzo del Sito www.comuneacquapendente.it Il presente documento potr\u00e0 essere modificato in qualsiasi momento e senza preavviso. L\u2019Utente \u00e8 pertanto invitato a prendere regolarmente visione dell\u2019ultima versione aggiornata delle stesse, disponibile e permanentemente accessibile da qualunque pagina del sito, cliccando sul [&hellip;]","og_url":"http:\/\/www.comuneacquapendente.it\/wpaquesionet\/index.php\/feedback\/","og_site_name":"aquesionet","article_publisher":"https:\/\/www.facebook.com\/ComunediAcquapendente\/","article_modified_time":"2022-09-23T16:22:52+00:00","twitter_card":"summary_large_image","twitter_site":"@AcquapendenteVT","twitter_misc":{"Tempo di lettura stimato":"3 minuti"},"schema":{"@context":"https:\/\/schema.org","@graph":[{"@type":"Organization","@id":"http:\/\/www.comuneacquapendente.it\/wpaquesionet\/#organization","name":"Comune di Acquapendente","url":"http:\/\/www.comuneacquapendente.it\/wpaquesionet\/","sameAs":["https:\/\/www.facebook.com\/ComunediAcquapendente\/","https:\/\/www.youtube.com\/user\/AcquapendenteComune\/","https:\/\/twitter.com\/AcquapendenteVT"],"logo":{"@type":"ImageObject","@id":"http:\/\/www.comuneacquapendente.it\/wpaquesionet\/#logo","inLanguage":"it-IT","url":"http:\/\/www.comuneacquapendente.it\/wpaquesionet\/files\/stemma_comune_Acquapendente512x512.png","contentUrl":"http:\/\/www.comuneacquapendente.it\/wpaquesionet\/files\/stemma_comune_Acquapendente512x512.png","width":512,"height":512,"caption":"Comune di Acquapendente"},"image":{"@id":"http:\/\/www.comuneacquapendente.it\/wpaquesionet\/#logo"}},{"@type":"WebSite","@id":"http:\/\/www.comuneacquapendente.it\/wpaquesionet\/#website","url":"http:\/\/www.comuneacquapendente.it\/wpaquesionet\/","name":"aquesionet","description":"LA RETE CIVICA DEL COMUNE DI ACQUAPENDENTE","publisher":{"@id":"http:\/\/www.comuneacquapendente.it\/wpaquesionet\/#organization"},"potentialAction":[{"@type":"SearchAction","target":{"@type":"EntryPoint","urlTemplate":"http:\/\/www.comuneacquapendente.it\/wpaquesionet\/?s={search_term_string}"},"query-input":"required name=search_term_string"}],"inLanguage":"it-IT"},{"@type":"WebPage","@id":"http:\/\/www.comuneacquapendente.it\/wpaquesionet\/index.php\/feedback\/#webpage","url":"http:\/\/www.comuneacquapendente.it\/wpaquesionet\/index.php\/feedback\/","name":"feedback | note legali - aquesionet","isPartOf":{"@id":"http:\/\/www.comuneacquapendente.it\/wpaquesionet\/#website"},"datePublished":"2022-09-23T13:45:24+00:00","dateModified":"2022-09-23T16:22:52+00:00","breadcrumb":{"@id":"http:\/\/www.comuneacquapendente.it\/wpaquesionet\/index.php\/feedback\/#breadcrumb"},"inLanguage":"it-IT","potentialAction":[{"@type":"ReadAction","target":["http:\/\/www.comuneacquapendente.it\/wpaquesionet\/index.php\/feedback\/"]}]},{"@type":"BreadcrumbList","@id":"http:\/\/www.comuneacquapendente.it\/wpaquesionet\/index.php\/feedback\/#breadcrumb","itemListElement":[{"@type":"ListItem","position":1,"name":"Home","item":"http:\/\/www.comuneacquapendente.it\/wpaquesionet\/"},{"@type":"ListItem","position":2,"name":"feedback | note legali"}]}]}},"_links":{"self":[{"href":"http:\/\/www.comuneacquapendente.it\/wpaquesionet\/index.php\/wp-json\/wp\/v2\/pages\/4437"}],"collection":[{"href":"http:\/\/www.comuneacquapendente.it\/wpaquesionet\/index.php\/wp-json\/wp\/v2\/pages"}],"about":[{"href":"http:\/\/www.comuneacquapendente.it\/wpaquesionet\/index.php\/wp-json\/wp\/v2\/types\/page"}],"author":[{"embeddable":true,"href":"http:\/\/www.comuneacquapendente.it\/wpaquesionet\/index.php\/wp-json\/wp\/v2\/users\/1"}],"replies":[{"embeddable":true,"href":"http:\/\/www.comuneacquapendente.it\/wpaquesionet\/index.php\/wp-json\/wp\/v2\/comments?post=4437"}],"version-history":[{"count":3,"href":"http:\/\/www.comuneacquapendente.it\/wpaquesionet\/index.php\/wp-json\/wp\/v2\/pages\/4437\/revisions"}],"predecessor-version":[{"id":4441,"href":"http:\/\/www.comuneacquapendente.it\/wpaquesionet\/index.php\/wp-json\/wp\/v2\/pages\/4437\/revisions\/4441"}],"wp:attachment":[{"href":"http:\/\/www.comuneacquapendente.it\/wpaquesionet\/index.php\/wp-json\/wp\/v2\/media?parent=4437"}],"wp:term":[{"taxonomy":"category","embeddable":true,"href":"http:\/\/www.comuneacquapendente.it\/wpaquesionet\/index.php\/wp-json\/wp\/v2\/categories?post=4437"},{"taxonomy":"post_tag","embeddable":true,"href":"http:\/\/www.comuneacquapendente.it\/wpaquesionet\/index.php\/wp-json\/wp\/v2\/tags?post=4437"}],"curies":[{"name":"wp","href":"https:\/\/api.w.org\/{rel}","templated":true}]}}