{"id":693,"date":"2018-08-05T10:34:02","date_gmt":"2018-08-05T10:34:02","guid":{"rendered":"http:\/\/www.comuneacquapendente.it\/wpaquesionet\/?page_id=693"},"modified":"2021-12-01T16:08:51","modified_gmt":"2021-12-01T16:08:51","slug":"ospedale","status":"publish","type":"page","link":"http:\/\/www.comuneacquapendente.it\/wpaquesionet\/index.php\/ospedale\/","title":{"rendered":"Ospedale"},"content":{"rendered":"<p>[vc_row][vc_column][vc_column_text]<\/p>\n<p style=\"font-weight: 400;\"><strong>OSPEDALE<br \/>\n<\/strong>Via Cesare Battisti, 68 &#8211; 01021 Acquapendente<br \/>\nPortineria tel. 0763\/735260<br \/>\nGuardia medica tel. 0763\/735238<br \/>\nRECUP tel. 0763\/735203 Prenotazioni Luned\u00ec-Venerd\u00ec 7.30-12.15 &#8211; 13.00\/16,45 Sabato 7.30-12.00<br \/>\nCUP orario: luned\u00ec-sabato 7.45-12.40, marted\u00ec e gioved\u00ec orario continuato 7.45-17.40<\/p>\n<p style=\"font-weight: 400;\"><em>Direzione Sanitaria di Acquapendente <\/em>Responsabile: Dott. Pierpaolo MEDORI<\/p>\n<p style=\"font-weight: 400;\"><em>Direttore Unit\u00e0 Operativa Complessa di Medicina Generale e Coordinamento Clinico<\/em>: Dott. Giovanni VALERI<br \/>\nE-mail: <a href=\"mailto:dirsanacq@asl.vt.it\">dirsanacq@asl.vt.it<\/a><\/p>\n<p style=\"font-weight: 400;\"><strong><em>Laboratorio Analisi Chimico-Cliniche e Microbiologiche<\/em><br \/>\n<\/strong>Via Cesare Battisti, 66 &#8211; 01021 Acquapendente<br \/>\nTel. 0763\/735039<\/p>\n<p>[\/vc_column_text][\/vc_column][\/vc_row][vc_column_text][vc_row][vc_column width=&#8221;1\/1&#8243;][vc_column_text]<\/p>\n<p style=\"font-weight: 400;\"><strong>POLIAMBULATORIO<br \/>\n<\/strong>Via Cesare Battisti, 68 &#8211; SU PRENOTAZIONE<br \/>\nTel. 0763\/733282-733283<\/p>\n<p style=\"font-weight: 400;\">Sportello per pratiche amministrative (scelta medico, presentazione documenti, ecc\u2026) Via Cesare Battisti 68 &#8211; I Piano<\/p>\n<p><a href=\"http:\/\/www.asl.vt.it\/Ospedaliera\/DirSanAcquap\/base.php\" target=\"_blank\" rel=\"noopener noreferrer\">PRESIDIO DI ACQUAPENDENTE SU SITO ASL<\/a>[\/vc_column_text]<\/p>\n","protected":false},"excerpt":{"rendered":"<p>[vc_row][vc_column][vc_column_text] OSPEDALE Via Cesare Battisti, 68 &#8211; 01021 Acquapendente Portineria tel. 0763\/735260 Guardia medica tel. 0763\/735238 RECUP tel. 0763\/735203 Prenotazioni Luned\u00ec-Venerd\u00ec 7.30-12.15 &#8211; 13.00\/16,45 Sabato 7.30-12.00 CUP orario: luned\u00ec-sabato 7.45-12.40, marted\u00ec e gioved\u00ec orario continuato 7.45-17.40 Direzione Sanitaria di Acquapendente Responsabile: Dott. Pierpaolo MEDORI Direttore Unit\u00e0 Operativa Complessa di Medicina Generale e Coordinamento Clinico: Dott. [&hellip;]<\/p>\n","protected":false},"author":1,"featured_media":0,"parent":0,"menu_order":0,"comment_status":"closed","ping_status":"closed","template":"","meta":[],"categories":[],"tags":[],"yoast_head":"<!-- This site is optimized with the Yoast SEO plugin v17.2.1 - https:\/\/yoast.com\/wordpress\/plugins\/seo\/ -->\n<title>Ospedale - aquesionet<\/title>\n<meta name=\"robots\" content=\"index, follow, max-snippet:-1, max-image-preview:large, max-video-preview:-1\" \/>\n<link rel=\"canonical\" href=\"http:\/\/www.comuneacquapendente.it\/wpaquesionet\/index.php\/ospedale\/\" \/>\n<meta property=\"og:locale\" content=\"it_IT\" \/>\n<meta property=\"og:type\" content=\"article\" \/>\n<meta property=\"og:title\" content=\"Ospedale - aquesionet\" \/>\n<meta property=\"og:description\" content=\"[vc_row][vc_column][vc_column_text] OSPEDALE Via Cesare Battisti, 68 &#8211; 01021 Acquapendente Portineria tel. 0763\/735260 Guardia medica tel. 0763\/735238 RECUP tel. 0763\/735203 Prenotazioni Luned\u00ec-Venerd\u00ec 7.30-12.15 &#8211; 13.00\/16,45 Sabato 7.30-12.00 CUP orario: luned\u00ec-sabato 7.45-12.40, marted\u00ec e gioved\u00ec orario continuato 7.45-17.40 Direzione Sanitaria di Acquapendente Responsabile: Dott. Pierpaolo MEDORI Direttore Unit\u00e0 Operativa Complessa di Medicina Generale e Coordinamento Clinico: Dott. [&hellip;]\" \/>\n<meta property=\"og:url\" content=\"http:\/\/www.comuneacquapendente.it\/wpaquesionet\/index.php\/ospedale\/\" \/>\n<meta property=\"og:site_name\" content=\"aquesionet\" \/>\n<meta property=\"article:publisher\" content=\"https:\/\/www.facebook.com\/ComunediAcquapendente\/\" \/>\n<meta property=\"article:modified_time\" content=\"2021-12-01T16:08:51+00:00\" \/>\n<meta name=\"twitter:card\" content=\"summary_large_image\" \/>\n<meta name=\"twitter:site\" content=\"@AcquapendenteVT\" \/>\n<meta name=\"twitter:label1\" content=\"Tempo di lettura stimato\" \/>\n\t<meta name=\"twitter:data1\" content=\"1 minuto\" \/>\n<script type=\"application\/ld+json\" class=\"yoast-schema-graph\">{\"@context\":\"https:\/\/schema.org\",\"@graph\":[{\"@type\":\"Organization\",\"@id\":\"http:\/\/www.comuneacquapendente.it\/wpaquesionet\/#organization\",\"name\":\"Comune di Acquapendente\",\"url\":\"http:\/\/www.comuneacquapendente.it\/wpaquesionet\/\",\"sameAs\":[\"https:\/\/www.facebook.com\/ComunediAcquapendente\/\",\"https:\/\/www.youtube.com\/user\/AcquapendenteComune\/\",\"https:\/\/twitter.com\/AcquapendenteVT\"],\"logo\":{\"@type\":\"ImageObject\",\"@id\":\"http:\/\/www.comuneacquapendente.it\/wpaquesionet\/#logo\",\"inLanguage\":\"it-IT\",\"url\":\"http:\/\/www.comuneacquapendente.it\/wpaquesionet\/files\/stemma_comune_Acquapendente512x512.png\",\"contentUrl\":\"http:\/\/www.comuneacquapendente.it\/wpaquesionet\/files\/stemma_comune_Acquapendente512x512.png\",\"width\":512,\"height\":512,\"caption\":\"Comune di Acquapendente\"},\"image\":{\"@id\":\"http:\/\/www.comuneacquapendente.it\/wpaquesionet\/#logo\"}},{\"@type\":\"WebSite\",\"@id\":\"http:\/\/www.comuneacquapendente.it\/wpaquesionet\/#website\",\"url\":\"http:\/\/www.comuneacquapendente.it\/wpaquesionet\/\",\"name\":\"aquesionet\",\"description\":\"LA RETE CIVICA DEL COMUNE DI ACQUAPENDENTE\",\"publisher\":{\"@id\":\"http:\/\/www.comuneacquapendente.it\/wpaquesionet\/#organization\"},\"potentialAction\":[{\"@type\":\"SearchAction\",\"target\":{\"@type\":\"EntryPoint\",\"urlTemplate\":\"http:\/\/www.comuneacquapendente.it\/wpaquesionet\/?s={search_term_string}\"},\"query-input\":\"required name=search_term_string\"}],\"inLanguage\":\"it-IT\"},{\"@type\":\"WebPage\",\"@id\":\"http:\/\/www.comuneacquapendente.it\/wpaquesionet\/index.php\/ospedale\/#webpage\",\"url\":\"http:\/\/www.comuneacquapendente.it\/wpaquesionet\/index.php\/ospedale\/\",\"name\":\"Ospedale - aquesionet\",\"isPartOf\":{\"@id\":\"http:\/\/www.comuneacquapendente.it\/wpaquesionet\/#website\"},\"datePublished\":\"2018-08-05T10:34:02+00:00\",\"dateModified\":\"2021-12-01T16:08:51+00:00\",\"breadcrumb\":{\"@id\":\"http:\/\/www.comuneacquapendente.it\/wpaquesionet\/index.php\/ospedale\/#breadcrumb\"},\"inLanguage\":\"it-IT\",\"potentialAction\":[{\"@type\":\"ReadAction\",\"target\":[\"http:\/\/www.comuneacquapendente.it\/wpaquesionet\/index.php\/ospedale\/\"]}]},{\"@type\":\"BreadcrumbList\",\"@id\":\"http:\/\/www.comuneacquapendente.it\/wpaquesionet\/index.php\/ospedale\/#breadcrumb\",\"itemListElement\":[{\"@type\":\"ListItem\",\"position\":1,\"name\":\"Home\",\"item\":\"http:\/\/www.comuneacquapendente.it\/wpaquesionet\/\"},{\"@type\":\"ListItem\",\"position\":2,\"name\":\"Ospedale\"}]}]}<\/script>\n<!-- \/ Yoast SEO plugin. -->","yoast_head_json":{"title":"Ospedale - aquesionet","robots":{"index":"index","follow":"follow","max-snippet":"max-snippet:-1","max-image-preview":"max-image-preview:large","max-video-preview":"max-video-preview:-1"},"canonical":"http:\/\/www.comuneacquapendente.it\/wpaquesionet\/index.php\/ospedale\/","og_locale":"it_IT","og_type":"article","og_title":"Ospedale - aquesionet","og_description":"[vc_row][vc_column][vc_column_text] OSPEDALE Via Cesare Battisti, 68 &#8211; 01021 Acquapendente Portineria tel. 0763\/735260 Guardia medica tel. 0763\/735238 RECUP tel. 0763\/735203 Prenotazioni Luned\u00ec-Venerd\u00ec 7.30-12.15 &#8211; 13.00\/16,45 Sabato 7.30-12.00 CUP orario: luned\u00ec-sabato 7.45-12.40, marted\u00ec e gioved\u00ec orario continuato 7.45-17.40 Direzione Sanitaria di Acquapendente Responsabile: Dott. Pierpaolo MEDORI Direttore Unit\u00e0 Operativa Complessa di Medicina Generale e Coordinamento Clinico: Dott. [&hellip;]","og_url":"http:\/\/www.comuneacquapendente.it\/wpaquesionet\/index.php\/ospedale\/","og_site_name":"aquesionet","article_publisher":"https:\/\/www.facebook.com\/ComunediAcquapendente\/","article_modified_time":"2021-12-01T16:08:51+00:00","twitter_card":"summary_large_image","twitter_site":"@AcquapendenteVT","twitter_misc":{"Tempo di lettura stimato":"1 minuto"},"schema":{"@context":"https:\/\/schema.org","@graph":[{"@type":"Organization","@id":"http:\/\/www.comuneacquapendente.it\/wpaquesionet\/#organization","name":"Comune di Acquapendente","url":"http:\/\/www.comuneacquapendente.it\/wpaquesionet\/","sameAs":["https:\/\/www.facebook.com\/ComunediAcquapendente\/","https:\/\/www.youtube.com\/user\/AcquapendenteComune\/","https:\/\/twitter.com\/AcquapendenteVT"],"logo":{"@type":"ImageObject","@id":"http:\/\/www.comuneacquapendente.it\/wpaquesionet\/#logo","inLanguage":"it-IT","url":"http:\/\/www.comuneacquapendente.it\/wpaquesionet\/files\/stemma_comune_Acquapendente512x512.png","contentUrl":"http:\/\/www.comuneacquapendente.it\/wpaquesionet\/files\/stemma_comune_Acquapendente512x512.png","width":512,"height":512,"caption":"Comune di Acquapendente"},"image":{"@id":"http:\/\/www.comuneacquapendente.it\/wpaquesionet\/#logo"}},{"@type":"WebSite","@id":"http:\/\/www.comuneacquapendente.it\/wpaquesionet\/#website","url":"http:\/\/www.comuneacquapendente.it\/wpaquesionet\/","name":"aquesionet","description":"LA RETE CIVICA DEL COMUNE DI ACQUAPENDENTE","publisher":{"@id":"http:\/\/www.comuneacquapendente.it\/wpaquesionet\/#organization"},"potentialAction":[{"@type":"SearchAction","target":{"@type":"EntryPoint","urlTemplate":"http:\/\/www.comuneacquapendente.it\/wpaquesionet\/?s={search_term_string}"},"query-input":"required name=search_term_string"}],"inLanguage":"it-IT"},{"@type":"WebPage","@id":"http:\/\/www.comuneacquapendente.it\/wpaquesionet\/index.php\/ospedale\/#webpage","url":"http:\/\/www.comuneacquapendente.it\/wpaquesionet\/index.php\/ospedale\/","name":"Ospedale - aquesionet","isPartOf":{"@id":"http:\/\/www.comuneacquapendente.it\/wpaquesionet\/#website"},"datePublished":"2018-08-05T10:34:02+00:00","dateModified":"2021-12-01T16:08:51+00:00","breadcrumb":{"@id":"http:\/\/www.comuneacquapendente.it\/wpaquesionet\/index.php\/ospedale\/#breadcrumb"},"inLanguage":"it-IT","potentialAction":[{"@type":"ReadAction","target":["http:\/\/www.comuneacquapendente.it\/wpaquesionet\/index.php\/ospedale\/"]}]},{"@type":"BreadcrumbList","@id":"http:\/\/www.comuneacquapendente.it\/wpaquesionet\/index.php\/ospedale\/#breadcrumb","itemListElement":[{"@type":"ListItem","position":1,"name":"Home","item":"http:\/\/www.comuneacquapendente.it\/wpaquesionet\/"},{"@type":"ListItem","position":2,"name":"Ospedale"}]}]}},"_links":{"self":[{"href":"http:\/\/www.comuneacquapendente.it\/wpaquesionet\/index.php\/wp-json\/wp\/v2\/pages\/693"}],"collection":[{"href":"http:\/\/www.comuneacquapendente.it\/wpaquesionet\/index.php\/wp-json\/wp\/v2\/pages"}],"about":[{"href":"http:\/\/www.comuneacquapendente.it\/wpaquesionet\/index.php\/wp-json\/wp\/v2\/types\/page"}],"author":[{"embeddable":true,"href":"http:\/\/www.comuneacquapendente.it\/wpaquesionet\/index.php\/wp-json\/wp\/v2\/users\/1"}],"replies":[{"embeddable":true,"href":"http:\/\/www.comuneacquapendente.it\/wpaquesionet\/index.php\/wp-json\/wp\/v2\/comments?post=693"}],"version-history":[{"count":7,"href":"http:\/\/www.comuneacquapendente.it\/wpaquesionet\/index.php\/wp-json\/wp\/v2\/pages\/693\/revisions"}],"predecessor-version":[{"id":4152,"href":"http:\/\/www.comuneacquapendente.it\/wpaquesionet\/index.php\/wp-json\/wp\/v2\/pages\/693\/revisions\/4152"}],"wp:attachment":[{"href":"http:\/\/www.comuneacquapendente.it\/wpaquesionet\/index.php\/wp-json\/wp\/v2\/media?parent=693"}],"wp:term":[{"taxonomy":"category","embeddable":true,"href":"http:\/\/www.comuneacquapendente.it\/wpaquesionet\/index.php\/wp-json\/wp\/v2\/categories?post=693"},{"taxonomy":"post_tag","embeddable":true,"href":"http:\/\/www.comuneacquapendente.it\/wpaquesionet\/index.php\/wp-json\/wp\/v2\/tags?post=693"}],"curies":[{"name":"wp","href":"https:\/\/api.w.org\/{rel}","templated":true}]}}