{"id":80,"date":"2018-06-20T17:52:58","date_gmt":"2018-06-20T17:52:58","guid":{"rendered":"http:\/\/www.comuneacquapendente.it\/wpaquesionet\/?page_id=80"},"modified":"2022-01-30T16:57:40","modified_gmt":"2022-01-30T16:57:40","slug":"giunta","status":"publish","type":"page","link":"http:\/\/www.comuneacquapendente.it\/wpaquesionet\/index.php\/giunta\/","title":{"rendered":"Assessori"},"content":{"rendered":"<p>[vc_row][vc_column][vc_column_text]<strong>Monica PUTANO ALIAS BISTI<\/strong><br \/>\nAssessore alla Cultura e al Turismo, con funzioni di Vicesindaco &#8211; riceve il sabato alle 10 alle 13<br \/>\n<a href=\"mailto:mputanoaliasbisti@comuneacquapendente.it\">mputanoaliasbisti@comuneacquapendente.it<\/a><\/p>\n<p><strong>Mauro<\/strong> <strong>BELLAVITA<\/strong><br \/>\nAssessore alle Attivit\u00e0 Produttive, Sport, Protezione Civile, rapporti con Talete &#8211; riceve il sabato dalle 10 alle 13<br \/>\n<a href=\"mailto:mbellavita@comuneacquapendente.it\">mbellavita@comuneacquapendente.it<\/a><\/p>\n<p><strong>Glauco CLEMENTUCCI<\/strong><br \/>\nAssessore all&#8217;Ambiente e frazione di Trevinano &#8211; riceve marted\u00ec dalle 10 alle 13<br \/>\n<a href=\"mailto:gclementucci@comuneacquapendente.it\">gclementucci@comuneacquapendente.it<\/a><\/p>\n<p><strong>Marcella GIULIANI<\/strong><br \/>\nAssessore ai Centri Storici, Barriere Architettoniche, Viabilit\u00e0, Mobilit\u00e0 &#8211; riceve mercoled\u00ec dalle 10 alle 13<br \/>\n<a href=\"mailto:mgiuliani@comuneacquapendente.it\">mgiuliani@comuneacquapendente.it<\/a><\/p>\n<p>* Eventualmente potranno essere fissati gli appuntamenti tramite la<strong> segreteria Affari generali<\/strong> chiamando al numero fisso del Comune <strong>0763 7309212<\/strong><\/p>\n<p>&nbsp;[\/vc_column_text][\/vc_column][\/vc_row]<\/p>\n","protected":false},"excerpt":{"rendered":"<p>[vc_row][vc_column][vc_column_text]Monica PUTANO ALIAS BISTI Assessore alla Cultura e al Turismo, con funzioni di Vicesindaco &#8211; riceve il sabato alle 10 alle 13 mputanoaliasbisti@comuneacquapendente.it Mauro BELLAVITA Assessore alle Attivit\u00e0 Produttive, Sport, Protezione Civile, rapporti con Talete &#8211; riceve il sabato dalle 10 alle 13 mbellavita@comuneacquapendente.it Glauco CLEMENTUCCI Assessore all&#8217;Ambiente e frazione di Trevinano &#8211; riceve marted\u00ec [&hellip;]<\/p>\n","protected":false},"author":1,"featured_media":0,"parent":0,"menu_order":0,"comment_status":"closed","ping_status":"closed","template":"","meta":[],"categories":[],"tags":[],"yoast_head":"<!-- This site is optimized with the Yoast SEO plugin v17.2.1 - https:\/\/yoast.com\/wordpress\/plugins\/seo\/ -->\n<title>Assessori - aquesionet<\/title>\n<meta name=\"robots\" content=\"index, follow, max-snippet:-1, max-image-preview:large, max-video-preview:-1\" \/>\n<link rel=\"canonical\" href=\"http:\/\/www.comuneacquapendente.it\/wpaquesionet\/index.php\/giunta\/\" \/>\n<meta property=\"og:locale\" content=\"it_IT\" \/>\n<meta property=\"og:type\" content=\"article\" \/>\n<meta property=\"og:title\" content=\"Assessori - aquesionet\" \/>\n<meta property=\"og:description\" content=\"[vc_row][vc_column][vc_column_text]Monica PUTANO ALIAS BISTI Assessore alla Cultura e al Turismo, con funzioni di Vicesindaco &#8211; riceve il sabato alle 10 alle 13 mputanoaliasbisti@comuneacquapendente.it Mauro BELLAVITA Assessore alle Attivit\u00e0 Produttive, Sport, Protezione Civile, rapporti con Talete &#8211; riceve il sabato dalle 10 alle 13 mbellavita@comuneacquapendente.it Glauco CLEMENTUCCI Assessore all&#8217;Ambiente e frazione di Trevinano &#8211; riceve marted\u00ec [&hellip;]\" \/>\n<meta property=\"og:url\" content=\"http:\/\/www.comuneacquapendente.it\/wpaquesionet\/index.php\/giunta\/\" \/>\n<meta property=\"og:site_name\" content=\"aquesionet\" \/>\n<meta property=\"article:publisher\" content=\"https:\/\/www.facebook.com\/ComunediAcquapendente\/\" \/>\n<meta property=\"article:modified_time\" content=\"2022-01-30T16:57:40+00:00\" \/>\n<meta name=\"twitter:card\" content=\"summary_large_image\" \/>\n<meta name=\"twitter:site\" content=\"@AcquapendenteVT\" \/>\n<meta name=\"twitter:label1\" content=\"Tempo di lettura stimato\" \/>\n\t<meta name=\"twitter:data1\" content=\"1 minuto\" \/>\n<script type=\"application\/ld+json\" class=\"yoast-schema-graph\">{\"@context\":\"https:\/\/schema.org\",\"@graph\":[{\"@type\":\"Organization\",\"@id\":\"http:\/\/www.comuneacquapendente.it\/wpaquesionet\/#organization\",\"name\":\"Comune di Acquapendente\",\"url\":\"http:\/\/www.comuneacquapendente.it\/wpaquesionet\/\",\"sameAs\":[\"https:\/\/www.facebook.com\/ComunediAcquapendente\/\",\"https:\/\/www.youtube.com\/user\/AcquapendenteComune\/\",\"https:\/\/twitter.com\/AcquapendenteVT\"],\"logo\":{\"@type\":\"ImageObject\",\"@id\":\"http:\/\/www.comuneacquapendente.it\/wpaquesionet\/#logo\",\"inLanguage\":\"it-IT\",\"url\":\"http:\/\/www.comuneacquapendente.it\/wpaquesionet\/files\/stemma_comune_Acquapendente512x512.png\",\"contentUrl\":\"http:\/\/www.comuneacquapendente.it\/wpaquesionet\/files\/stemma_comune_Acquapendente512x512.png\",\"width\":512,\"height\":512,\"caption\":\"Comune di Acquapendente\"},\"image\":{\"@id\":\"http:\/\/www.comuneacquapendente.it\/wpaquesionet\/#logo\"}},{\"@type\":\"WebSite\",\"@id\":\"http:\/\/www.comuneacquapendente.it\/wpaquesionet\/#website\",\"url\":\"http:\/\/www.comuneacquapendente.it\/wpaquesionet\/\",\"name\":\"aquesionet\",\"description\":\"LA RETE CIVICA DEL COMUNE DI ACQUAPENDENTE\",\"publisher\":{\"@id\":\"http:\/\/www.comuneacquapendente.it\/wpaquesionet\/#organization\"},\"potentialAction\":[{\"@type\":\"SearchAction\",\"target\":{\"@type\":\"EntryPoint\",\"urlTemplate\":\"http:\/\/www.comuneacquapendente.it\/wpaquesionet\/?s={search_term_string}\"},\"query-input\":\"required name=search_term_string\"}],\"inLanguage\":\"it-IT\"},{\"@type\":\"WebPage\",\"@id\":\"http:\/\/www.comuneacquapendente.it\/wpaquesionet\/index.php\/giunta\/#webpage\",\"url\":\"http:\/\/www.comuneacquapendente.it\/wpaquesionet\/index.php\/giunta\/\",\"name\":\"Assessori - aquesionet\",\"isPartOf\":{\"@id\":\"http:\/\/www.comuneacquapendente.it\/wpaquesionet\/#website\"},\"datePublished\":\"2018-06-20T17:52:58+00:00\",\"dateModified\":\"2022-01-30T16:57:40+00:00\",\"breadcrumb\":{\"@id\":\"http:\/\/www.comuneacquapendente.it\/wpaquesionet\/index.php\/giunta\/#breadcrumb\"},\"inLanguage\":\"it-IT\",\"potentialAction\":[{\"@type\":\"ReadAction\",\"target\":[\"http:\/\/www.comuneacquapendente.it\/wpaquesionet\/index.php\/giunta\/\"]}]},{\"@type\":\"BreadcrumbList\",\"@id\":\"http:\/\/www.comuneacquapendente.it\/wpaquesionet\/index.php\/giunta\/#breadcrumb\",\"itemListElement\":[{\"@type\":\"ListItem\",\"position\":1,\"name\":\"Home\",\"item\":\"http:\/\/www.comuneacquapendente.it\/wpaquesionet\/\"},{\"@type\":\"ListItem\",\"position\":2,\"name\":\"Assessori\"}]}]}<\/script>\n<!-- \/ Yoast SEO plugin. -->","yoast_head_json":{"title":"Assessori - aquesionet","robots":{"index":"index","follow":"follow","max-snippet":"max-snippet:-1","max-image-preview":"max-image-preview:large","max-video-preview":"max-video-preview:-1"},"canonical":"http:\/\/www.comuneacquapendente.it\/wpaquesionet\/index.php\/giunta\/","og_locale":"it_IT","og_type":"article","og_title":"Assessori - aquesionet","og_description":"[vc_row][vc_column][vc_column_text]Monica PUTANO ALIAS BISTI Assessore alla Cultura e al Turismo, con funzioni di Vicesindaco &#8211; riceve il sabato alle 10 alle 13 mputanoaliasbisti@comuneacquapendente.it Mauro BELLAVITA Assessore alle Attivit\u00e0 Produttive, Sport, Protezione Civile, rapporti con Talete &#8211; riceve il sabato dalle 10 alle 13 mbellavita@comuneacquapendente.it Glauco CLEMENTUCCI Assessore all&#8217;Ambiente e frazione di Trevinano &#8211; riceve marted\u00ec [&hellip;]","og_url":"http:\/\/www.comuneacquapendente.it\/wpaquesionet\/index.php\/giunta\/","og_site_name":"aquesionet","article_publisher":"https:\/\/www.facebook.com\/ComunediAcquapendente\/","article_modified_time":"2022-01-30T16:57:40+00:00","twitter_card":"summary_large_image","twitter_site":"@AcquapendenteVT","twitter_misc":{"Tempo di lettura stimato":"1 minuto"},"schema":{"@context":"https:\/\/schema.org","@graph":[{"@type":"Organization","@id":"http:\/\/www.comuneacquapendente.it\/wpaquesionet\/#organization","name":"Comune di Acquapendente","url":"http:\/\/www.comuneacquapendente.it\/wpaquesionet\/","sameAs":["https:\/\/www.facebook.com\/ComunediAcquapendente\/","https:\/\/www.youtube.com\/user\/AcquapendenteComune\/","https:\/\/twitter.com\/AcquapendenteVT"],"logo":{"@type":"ImageObject","@id":"http:\/\/www.comuneacquapendente.it\/wpaquesionet\/#logo","inLanguage":"it-IT","url":"http:\/\/www.comuneacquapendente.it\/wpaquesionet\/files\/stemma_comune_Acquapendente512x512.png","contentUrl":"http:\/\/www.comuneacquapendente.it\/wpaquesionet\/files\/stemma_comune_Acquapendente512x512.png","width":512,"height":512,"caption":"Comune di Acquapendente"},"image":{"@id":"http:\/\/www.comuneacquapendente.it\/wpaquesionet\/#logo"}},{"@type":"WebSite","@id":"http:\/\/www.comuneacquapendente.it\/wpaquesionet\/#website","url":"http:\/\/www.comuneacquapendente.it\/wpaquesionet\/","name":"aquesionet","description":"LA RETE CIVICA DEL COMUNE DI ACQUAPENDENTE","publisher":{"@id":"http:\/\/www.comuneacquapendente.it\/wpaquesionet\/#organization"},"potentialAction":[{"@type":"SearchAction","target":{"@type":"EntryPoint","urlTemplate":"http:\/\/www.comuneacquapendente.it\/wpaquesionet\/?s={search_term_string}"},"query-input":"required name=search_term_string"}],"inLanguage":"it-IT"},{"@type":"WebPage","@id":"http:\/\/www.comuneacquapendente.it\/wpaquesionet\/index.php\/giunta\/#webpage","url":"http:\/\/www.comuneacquapendente.it\/wpaquesionet\/index.php\/giunta\/","name":"Assessori - aquesionet","isPartOf":{"@id":"http:\/\/www.comuneacquapendente.it\/wpaquesionet\/#website"},"datePublished":"2018-06-20T17:52:58+00:00","dateModified":"2022-01-30T16:57:40+00:00","breadcrumb":{"@id":"http:\/\/www.comuneacquapendente.it\/wpaquesionet\/index.php\/giunta\/#breadcrumb"},"inLanguage":"it-IT","potentialAction":[{"@type":"ReadAction","target":["http:\/\/www.comuneacquapendente.it\/wpaquesionet\/index.php\/giunta\/"]}]},{"@type":"BreadcrumbList","@id":"http:\/\/www.comuneacquapendente.it\/wpaquesionet\/index.php\/giunta\/#breadcrumb","itemListElement":[{"@type":"ListItem","position":1,"name":"Home","item":"http:\/\/www.comuneacquapendente.it\/wpaquesionet\/"},{"@type":"ListItem","position":2,"name":"Assessori"}]}]}},"_links":{"self":[{"href":"http:\/\/www.comuneacquapendente.it\/wpaquesionet\/index.php\/wp-json\/wp\/v2\/pages\/80"}],"collection":[{"href":"http:\/\/www.comuneacquapendente.it\/wpaquesionet\/index.php\/wp-json\/wp\/v2\/pages"}],"about":[{"href":"http:\/\/www.comuneacquapendente.it\/wpaquesionet\/index.php\/wp-json\/wp\/v2\/types\/page"}],"author":[{"embeddable":true,"href":"http:\/\/www.comuneacquapendente.it\/wpaquesionet\/index.php\/wp-json\/wp\/v2\/users\/1"}],"replies":[{"embeddable":true,"href":"http:\/\/www.comuneacquapendente.it\/wpaquesionet\/index.php\/wp-json\/wp\/v2\/comments?post=80"}],"version-history":[{"count":6,"href":"http:\/\/www.comuneacquapendente.it\/wpaquesionet\/index.php\/wp-json\/wp\/v2\/pages\/80\/revisions"}],"predecessor-version":[{"id":4208,"href":"http:\/\/www.comuneacquapendente.it\/wpaquesionet\/index.php\/wp-json\/wp\/v2\/pages\/80\/revisions\/4208"}],"wp:attachment":[{"href":"http:\/\/www.comuneacquapendente.it\/wpaquesionet\/index.php\/wp-json\/wp\/v2\/media?parent=80"}],"wp:term":[{"taxonomy":"category","embeddable":true,"href":"http:\/\/www.comuneacquapendente.it\/wpaquesionet\/index.php\/wp-json\/wp\/v2\/categories?post=80"},{"taxonomy":"post_tag","embeddable":true,"href":"http:\/\/www.comuneacquapendente.it\/wpaquesionet\/index.php\/wp-json\/wp\/v2\/tags?post=80"}],"curies":[{"name":"wp","href":"https:\/\/api.w.org\/{rel}","templated":true}]}}

<p>[vc_row][vc_column][vc_column_text]<strong>Monica PUTANO ALIAS BISTI</strong><br />
Assessore alla Cultura e al Turismo, con funzioni di Vicesindaco &#8211; riceve il sabato alle 10 alle 13<br />
<a href="mailto:mputanoaliasbisti@comuneacquapendente.it">mputanoaliasbisti@comuneacquapendente.it</a></p>
<p><strong>Mauro</strong> <strong>BELLAVITA</strong><br />
Assessore alle Attività Produttive, Sport, Protezione Civile, rapporti con Talete &#8211; riceve il sabato dalle 10 alle 13<br />
<a href="mailto:mbellavita@comuneacquapendente.it">mbellavita@comuneacquapendente.it</a></p>
<p><strong>Glauco CLEMENTUCCI</strong><br />
Assessore all&#8217;Ambiente e frazione di Trevinano &#8211; riceve martedì dalle 10 alle 13<br />
<a href="mailto:gclementucci@comuneacquapendente.it">gclementucci@comuneacquapendente.it</a></p>
<p><strong>Marcella GIULIANI</strong><br />
Assessore ai Centri Storici, Barriere Architettoniche, Viabilità, Mobilità &#8211; riceve mercoledì dalle 10 alle 13<br />
<a href="mailto:mgiuliani@comuneacquapendente.it">mgiuliani@comuneacquapendente.it</a></p>
<p>* Eventualmente potranno essere fissati gli appuntamenti tramite la<strong> segreteria Affari generali</strong> chiamando al numero fisso del Comune <strong>0763 7309212</strong></p>
<p>&nbsp;[/vc_column_text][/vc_column][/vc_row]</p>

<p>[vc_row][vc_column][vc_column_text]Monica PUTANO ALIAS BISTI Assessore alla Cultura e al Turismo, con funzioni di Vicesindaco &#8211; riceve il sabato alle 10 alle 13 mputanoaliasbisti@comuneacquapendente.it Mauro BELLAVITA Assessore alle Attività Produttive, Sport, Protezione Civile, rapporti con Talete &#8211; riceve il sabato dalle 10 alle 13 mbellavita@comuneacquapendente.it Glauco CLEMENTUCCI Assessore all&#8217;Ambiente e frazione di Trevinano &#8211; riceve martedì [&hellip;]</p>

<!-- This site is optimized with the Yoast SEO plugin v17.2.1 - https://yoast.com/wordpress/plugins/seo/ -->
<title>Assessori - aquesionet</title>
<meta name="robots" content="index, follow, max-snippet:-1, max-image-preview:large, max-video-preview:-1" />
<link rel="canonical" href="http://www.comuneacquapendente.it/wpaquesionet/index.php/giunta/" />
<meta property="og:locale" content="it_IT" />
<meta property="og:type" content="article" />
<meta property="og:title" content="Assessori - aquesionet" />
<meta property="og:description" content="[vc_row][vc_column][vc_column_text]Monica PUTANO ALIAS BISTI Assessore alla Cultura e al Turismo, con funzioni di Vicesindaco &#8211; riceve il sabato alle 10 alle 13 mputanoaliasbisti@comuneacquapendente.it Mauro BELLAVITA Assessore alle Attività Produttive, Sport, Protezione Civile, rapporti con Talete &#8211; riceve il sabato dalle 10 alle 13 mbellavita@comuneacquapendente.it Glauco CLEMENTUCCI Assessore all&#8217;Ambiente e frazione di Trevinano &#8211; riceve martedì [&hellip;]" />
<meta property="og:url" content="http://www.comuneacquapendente.it/wpaquesionet/index.php/giunta/" />
<meta property="og:site_name" content="aquesionet" />
<meta property="article:publisher" content="https://www.facebook.com/ComunediAcquapendente/" />
<meta property="article:modified_time" content="2022-01-30T16:57:40+00:00" />
<meta name="twitter:card" content="summary_large_image" />
<meta name="twitter:site" content="@AcquapendenteVT" />
<meta name="twitter:label1" content="Tempo di lettura stimato" />
	<meta name="twitter:data1" content="1 minuto" />
<script type="application/ld+json" class="yoast-schema-graph">{"@context":"https://schema.org","@graph":[{"@type":"Organization","@id":"http://www.comuneacquapendente.it/wpaquesionet/#organization","name":"Comune di Acquapendente","url":"http://www.comuneacquapendente.it/wpaquesionet/","sameAs":["https://www.facebook.com/ComunediAcquapendente/","https://www.youtube.com/user/AcquapendenteComune/","https://twitter.com/AcquapendenteVT"],"logo":{"@type":"ImageObject","@id":"http://www.comuneacquapendente.it/wpaquesionet/#logo","inLanguage":"it-IT","url":"http://www.comuneacquapendente.it/wpaquesionet/files/stemma_comune_Acquapendente512x512.png","contentUrl":"http://www.comuneacquapendente.it/wpaquesionet/files/stemma_comune_Acquapendente512x512.png","width":512,"height":512,"caption":"Comune di Acquapendente"},"image":{"@id":"http://www.comuneacquapendente.it/wpaquesionet/#logo"}},{"@type":"WebSite","@id":"http://www.comuneacquapendente.it/wpaquesionet/#website","url":"http://www.comuneacquapendente.it/wpaquesionet/","name":"aquesionet","description":"LA RETE CIVICA DEL COMUNE DI ACQUAPENDENTE","publisher":{"@id":"http://www.comuneacquapendente.it/wpaquesionet/#organization"},"potentialAction":[{"@type":"SearchAction","target":{"@type":"EntryPoint","urlTemplate":"http://www.comuneacquapendente.it/wpaquesionet/?s={search_term_string}"},"query-input":"required name=search_term_string"}],"inLanguage":"it-IT"},{"@type":"WebPage","@id":"http://www.comuneacquapendente.it/wpaquesionet/index.php/giunta/#webpage","url":"http://www.comuneacquapendente.it/wpaquesionet/index.php/giunta/","name":"Assessori - aquesionet","isPartOf":{"@id":"http://www.comuneacquapendente.it/wpaquesionet/#website"},"datePublished":"2018-06-20T17:52:58+00:00","dateModified":"2022-01-30T16:57:40+00:00","breadcrumb":{"@id":"http://www.comuneacquapendente.it/wpaquesionet/index.php/giunta/#breadcrumb"},"inLanguage":"it-IT","potentialAction":[{"@type":"ReadAction","target":["http://www.comuneacquapendente.it/wpaquesionet/index.php/giunta/"]}]},{"@type":"BreadcrumbList","@id":"http://www.comuneacquapendente.it/wpaquesionet/index.php/giunta/#breadcrumb","itemListElement":[{"@type":"ListItem","position":1,"name":"Home","item":"http://www.comuneacquapendente.it/wpaquesionet/"},{"@type":"ListItem","position":2,"name":"Assessori"}]}]}</script>
<!-- / Yoast SEO plugin. -->

[vc_row][vc_column][vc_column_text]Monica PUTANO ALIAS BISTI Assessore alla Cultura e al Turismo, con funzioni di Vicesindaco &#8211; riceve il sabato alle 10 alle 13 mputanoaliasbisti@comuneacquapendente.it Mauro BELLAVITA Assessore alle Attività Produttive, Sport, Protezione Civile, rapporti con Talete &#8211; riceve il sabato dalle 10 alle 13 mbellavita@comuneacquapendente.it Glauco CLEMENTUCCI Assessore all&#8217;Ambiente e frazione di Trevinano &#8211; riceve martedì [&hellip;]
